3
What are the prime factors of 493048?
2, 61631
List the prime factors of 2375241.
3, 11, 167, 431
What are the prime factors of 7544013?
3, 401, 6271
What are the prime factors of 5527731?
3, 11, 191, 877
What are the prime factors of 106770?
2, 3, 5, 3559
What are the prime factors of 219509?
227, 967
What are the prime factors of 557327?
19, 29333
List the prime factors of 1006553.
17, 59209
List the prime factors of 1975509.
3, 29
List the prime factors of 218254.
2, 29, 53, 71
List the prime factors of 146953.
146953
List the prime factors of 405179.
405179
What are the prime factors of 459483?
3, 103, 1487
What are the prime factors of 282958?
2, 13, 10883
List the prime factors of 3729804.
2, 3, 13, 23909
List the prime factors of 20713930.
2, 5, 2071393
List the prime factors of 140183.
103, 1361
What are the prime factors of 2083153?
2083153
What are the prime factors of 861929?
861929
List the prime factors of 7906625.
5, 43, 1471
What are the prime factors of 26753?
31, 863
What are the prime factors of 1406437?
19, 79, 937
List the prime factors of 14408422.
2, 7, 19, 54167
What are the prime factors of 225207?
3, 19, 439
List the prime factors of 20016717.
3, 7, 401, 2377
List the prime factors of 2508587.
23, 29, 3761
What are the prime factors of 78424?
2, 9803
What are the prime factors of 4881970?
2, 5, 488197
List the prime factors of 1822968.
2, 3, 7, 3617
What are the prime factors of 20229393?
3, 43, 156817
List the prime factors of 29579685.
3, 5, 47, 41957
What are the prime factors of 17155472?
2, 29, 36973
What are the prime factors of 828074?
2, 13, 31849
List the prime factors of 16749739.
101, 383, 433
List the prime factors of 1129871.
17, 66463
List the prime factors of 241955.
5, 7, 31, 223
What are the prime factors of 419786?
2, 19, 11047
List the prime factors of 4753063.
7, 47, 14447
List the prime factors of 1061520.
2, 3, 5, 4423
What are the prime factors of 915986?
2, 43, 10651
What are the prime factors of 237155?
5, 47431
What are the prime factors of 2278226?
2, 43, 59, 449
List the prime factors of 399665.
5, 7, 19, 601
What are the prime factors of 603218?
2, 7, 11, 3917
What are the prime factors of 1157519?
11, 105229
What are the prime factors of 253651?
253651
List the prime factors of 5791488.
2, 3, 7541
What are the prime factors of 723143?
23, 1367
What are the prime factors of 7084076?
2, 683, 2593
What are the prime factors of 36311?
11, 3301
What are the prime factors of 174074?
2, 87037
List the prime factors of 1808525.
5, 72341
List the prime factors of 57042.
2, 3, 3169
What are the prime factors of 1703658?
2, 3, 11, 83, 311
List the prime factors of 10712710.
2, 5, 23, 47, 991
List the prime factors of 1473154.
2, 736577
List the prime factors of 15318187.
227, 67481
List the prime factors of 217159.
397, 547
List the prime factors of 19034927.
2833, 6719
List the prime factors of 90974.
2, 13, 3499
What are the prime factors of 353586?
2, 3, 31, 1901
List the prime factors of 3269986.
2, 37, 44189
What are the prime factors of 658590?
2, 3, 5, 29, 757
What are the prime factors of 3869965?
5, 11, 17, 4139
List the prime factors of 38035.
5, 7607
What are the prime factors of 490035?
3, 5, 7, 13, 359
What are the prime factors of 579404?
2, 7, 20693
List the prime factors of 67174.
2, 33587
What are the prime factors of 21976?
2, 41, 67
What are the prime factors of 877078?
2, 19, 23081
What are the prime factors of 10798026?
2, 3, 17, 105863
What are the prime factors of 12684?
2, 3, 7, 151
What are the prime factors of 10737856?
2, 167779
List the prime factors of 15824146.
2, 13, 46817
What are the prime factors of 392779?
47, 61, 137
What are the prime factors of 3016564?
2, 599, 1259
List the prime factors of 2989897.
19, 157363
List the prime factors of 19334482.
2, 9667241
What are the prime factors of 256683?
3, 7, 17, 719
List the prime factors of 1171771.
1171771
What are the prime factors of 101890?
2, 5, 23, 443
What are the prime factors of 367149?
3, 17, 23, 313
What are the prime factors of 10254?
2, 3, 1709
What are the prime factors of 359483?
359483
What are the prime factors of 3114607?
3114607
What are the prime factors of 139951?
7, 19993
List the prime factors of 1906049.
41, 46489
What are the prime factors of 685772?
2, 173, 991
What are the prime factors of 354336?
2, 3, 3691
What are the prime factors of 405909?
3, 7, 17, 379
List the prime factors of 1289307.
3, 137, 3137
List the prime factors of 456151.
456151
What are the prime factors of 6028934?
2, 193, 15619
List the prime factors of 3008214.
2, 3, 11, 15193
What are the prime factors of 888226?
2, 444113
What are the prime factors of 2605722?
2, 3, 7, 8863
List the prime factors of 15000892.
2, 3750223
What are the prime factors of 1895112?
2, 3, 26321
List the prime factors of 4780394.
2, 2390197
What are the prime factors of 87398?
2, 89, 491
List the prime factors of 3314312.
2, 37, 11197
List the prime factors of 4643738.
2, 11, 31, 619
List the prime factors of 546398.
2, 359, 761
List the prime factors of 239697.
3, 26633
What are the prime factors of 659284?
2, 164821
List the prime factors of 153018.
2, 3, 8501
What are the prime factors of 10595166?
2, 3, 1765861
What are the prime factors of 9135729?
3, 1015081
List the prime factors of 24230.
2, 5, 2423
List the prime factors of 183837.
3, 233, 263
List the prime factors of 8159931.
3, 13, 97, 719
What are the prime factors of 6400336?
2, 307, 1303
List the prime factors of 203038.
2, 11, 839
What are the prime factors of 28808436?
2, 3, 2400703
What are the prime factors of 1529546?
2, 23, 41, 811
List the prime factors of 16835868.
2, 3, 7, 66809
What are the prime factors of 347974?
2, 11, 15817
List the prime factors of 1047398.
2, 11, 47609
What are the prime factors of 22418856?
2, 3, 29, 1193
List the prime factors of 4018.
2, 7, 41
What are the prime factors of 1247696?
2, 29, 2689
What are the prime factors of 26081656?
2, 3260207
What are the prime factors of 186075?
3, 5, 827
What are the prime factors of 927244?
2, 59, 3929
What are the prime factors of 296174?
2, 17, 31, 281
What are the prime factors of 73546?
2, 11, 3343
What are the prime factors of 260199?
3, 23, 419
What are the prime factors of 4393673?
709, 6197
What are the prime factors of 38672?
2, 2417
List the prime factors of 15730937.
15730937
What are the prime factors of 3761673?
3, 23, 54517
List the prime factors of 746650.
2, 5, 109, 137
List the prime factors of 3039076.
2, 227, 3347
List the prime factors of 12140.
2, 5, 607
List the prime factors of 5794897.
67, 86491
What are the prime factors of 317511?
3, 35279
What are the prime factors of 1303172?
2, 13, 19, 1319
What are the prime factors of 921057?
3, 307019
List the prime factors of 445705.
5, 13, 6857
List the prime factors of 3731130.
2, 3, 5, 13, 1063
List the prime factors of 596287.
401, 1487
What are the prime factors of 1466065?
5, 293213
What are the prime factors of 537053?
11, 48823
List the prime factors of 12128186.
2, 7, 123757
What are the prime factors of 3445258?
2, 29, 191, 311
List the prime factors of 1375118.
2, 687559
List the prime factors of 1222697.
7, 24953
What are the prime factors of 347966?
2, 19, 9157
What are the prime factors of 1828584?
2, 3, 109, 233
List the prime factors of 10330268.
2, 13, 198659
List the prime factors of 21347.
21347
List the prime factors of 434879.
431, 1009
What are the prime factors of 2409177?
3, 803059
What are the prime factors of 91260?
2, 3, 5, 13
What are the prime factors of 12538708?
2, 7, 13, 19, 37
List the prime factors of 922110.
2, 3, 5, 7, 4391
List the prime factors of 222130.
2, 5, 97, 229
List the prime factors of 187414.
2, 83, 1129
List the prime factors of 6911199.
3, 347, 2213
List the prime factors of 1937400.
2, 3, 5, 3229
What are the prime factors of 841973?
11, 76543
List the prime factors of 38929813.
13, 17, 176153
List the prime factors of 249207.
3, 7, 11867
List the prime factors of 60441.
3, 20147
List the prime factors of 10627507.
11, 53, 18229
List the prime factors of 3336652.
2, 11, 75833
List the prime factors of 1307986.
2, 653993
List the prime factors of 5603988.
2, 3, 13, 35923
List the prime 